*y - 481 = -5*a. Calculate the remainder when a is divided by 1/(2*(-1)/(-86)).
11
Let m be ((-348)/(-15))/(7/35). Suppose -m + 26 = -9*f. Suppose f*v - 688 = 6*v. Calculate the remainder when v is divided by 44.
40
Suppose -5*d + 426 = -5*p + 136, -2*d = 10*p - 200. Calculate the remainder when 1036 is divided by d.
61
Let t = -2120 - -2320. Calculate the remainder when t is divided by 155.
45
Let t = 1569 + -1526. Calculate the remainder when 797 is divided by t.
23
Let o = -65 - -183. Let c = -122127 - -122148. Calculate the remainder when o is divided by c.
13
Let b(t) = 7*t**2 - 81*t + 162. What is the remainder when b(2) is divided by 22?
6
Let p(v) = -v**3 - 9*v**2 + 11*v + 6. Let c be p(-7). Let i be (-26)/c - (-89)/13. Let d = 54 - i. What is the remainder when d is divided by 17?
13
Let r(d) = d**2 + 73*d - 657. Calculate the remainder when r(11) is divided by 14.
1
Suppose 19*u = 18*u + 159. Let w = u + -65. What is the remainder when w is divided by (-132)/(-30) + -5 - 196/(-10)?
18
Suppose 3*r = 4*o - 14 + 50, 4*r + o - 67 = 0. What is the remainder when ((-5166)/(-45))/((-39)/((-1560)/16)) is divided by r?
15
Suppose 5*f + 5*n - 67 = 3, 5*n - 52 = -2*f. What is the remainder when 4097 is divided by f?
5
Suppose 280*r + 18 = 282*r, 4*y + 3*r = 167. Let x = 4 - -8. Calculate the remainder when y is divided by x.
11
Suppose 305 = 16*z + 129. Suppose 12 = -3*d + 132. What is the remainder when d is divided by z?
7
Let x be -6 + (4475 - -2 - -5). What is the remainder when (x/(-36))/((-3)/9) is divided by 15?
13
Let n be (3 + -1)*217/(-14). Suppose -a = 2*a - 33. Let h = a - n. Calculate the remainder when h is divided by 12.
6
Let c(p) = -654*p + 75. Let j be c(-3). Suppose j = 10*n + 427. Calculate the remainder when n is divided by 3.
2
Suppose -18*y + 4*y = 0. Suppose -6*r + 25 = -r, -2*p - r + 359 = y. What is the remainder when p is divided by 36?
33
Suppose 826 = 4*u - 2*p, -2*p = -5*u - 4*p + 1046. Calculate the remainder when u is divided by (-5)/(5/(-50 - (1 + 0 + -9))).
40
Let h = -920 - -1145. What is the remainder when 15747 is divided by h?
222
Let h(s) = -5*s**3 - 2*s + 2. Let x be (-2)/10*-4*30/24. Calculate the remainder when h(-2) is divided by 754/30 + x*(-2)/15.
21
Suppose 446 = 50*z - 14746 - 27408. Calculate the remainder when z is divided by 210.
12
Let z(n) = -n**3 + 32*n**2 - 28*n - 70. Let f = -127 - -158. Let l = 176 + -41. What is the remainder when l is divided by z(f)?
20
Suppose 23*j - 24*j = -92. Let l be (-36)/84 - 563/(-7). Suppose l - 23 = 3*q. What is the remainder when j is divided by q?
16
What is the remainder when -7 - (((-75)/(-20) - 3) + 58121/(-76)) is divided by 128?
117
Let i = 162 - 89. Let x = -298 - -381. Suppose 5*l + h - x = 0, -l = -6*h + 9*h - 25. Calculate the remainder when i is divided by l.
9
Suppose 3*w = 304*t - 303*t - 93, 2*w + 321 = 3*t. Calculate the remainder when 353 is divided by t.
20
Calculate the remainder when 2742 is divided by (-33 + 27)*(15/(-2))/5.
6
Let r be ((-1)/2)/((-6)/72). Calculate the remainder when r/8 + 913/4 is divided by 58.
55
Let l(d) = d + 4. Calculate the remainder when (-980)/(-10) - 3/(-1)*-1 is divided by l(2).
5
Let a(p) = -83*p**2 + 84*p**2 + 2*p - 54 + 5*p - 2*p. Calculate the remainder when a(7) is divided by 20.
10
Let v(h) = -h**2 - 11*h - 2. Let t = -168694 + 168938. Calculate the remainder when t is divided by v(-6).
20
Let w = -7600 - -13987. Calculate the remainder when w is divided by 83.
79
Calculate the remainder when 3861 is divided by 2 + (-2444)/(-18) + (-118)/(-531).
135
Let a = 16774 + -13522. Calculate the remainder when a is divided by 44.
40
Let k be 2 - -3 - (-5 - -10). Suppose k = 14*y - 647 - 1971. Calculate the remainder when y is divided by 21.
19
Let s(m) = m**2 - 9*m + 11. Let l be s(9). Let y(q) = -q + 23. Let f be y(l). Suppose f*z - z = 132. Calculate the remainder when 71 is divided by z.
11
What is the remainder when 2369 is divided by (14/21 + (-41)/(-6))/((-3)/(-6))?
14
Let r = -183 - -283. Suppose 2*s - 7*s + 3*a + 125 = 0, 4*s + 5*a = r. What is the remainder when s is divided by 13?
12
Suppose d + 1132 = 5*d - 2*y, -849 = -3*d + 5*y. Let g(o) = 15*o**3 - o + 1. Calculate the remainder when d is divided by g(1).
13
Let g be 128/((-102)/(-144) + 8/(-12)). Calculate the remainder when 150 is divided by 5 + (g/8)/8.
44
Let t(r) = 2*r**2 - 16*r + 5. Let h be t(8). Let v(w) be the first derivative of 3*w**2/2 - 11*w - 1. Calculate the remainder when 11 is divided by v(h).
3
Let b(w) = w**3 - w**2 - w + 1. Let y(h) = 6*h**2 + 8*h + 106. Let t be y(16). Suppose -t = -7*f - 202. Calculate the remainder when f is divided by b(4).
44
Let c = -9303 + 9931. What is the remainder when c is divided by 181?
85
Let a = 135 + -60. What is the remainder when a is divided by 40/(-340) + 6990/170?
34
Suppose 2*t = 4*p - 986, p = 2*t + 255 + 2. Calculate the remainder when p is divided by 235.
8
Let q(r) = 88*r**3 + 13*r**2 + 17*r + 1. What is the remainder when q(3) is divided by 67?
66
Suppose 37*i - 39*i + 3*f = -108, -4*i + f = -216. What is the remainder when 126 is divided by i?
18
Let m = 219 - 126. Let p = 142 - -7. Let j = 173 - p. What is the remainder when m is divided by j?
21
Let y(s) = s**3 - 9*s**2 + 26*s - 96. Calculate the remainder when y(10) is divided by 55.
44
Let t(v) = -v**2 - 17*v - 54. Let o be t(-8). Suppose -2*m = -3*m. Suppose -y + o = -5*z, z = -m*z. What is the remainder when 89 is divided by y?
17
Suppose 6*p + 81 = 15*p. Let w(k) = k - 6. Let z be w(p). Suppose 0 = 3*l, -z*l + 11 = s + 2. Calculate the remainder when 33 is divided by s.
6
Suppose 0 = 32*g - 38*g - 18. Calculate the remainder when 24 is divided by (-100)/(-15)*4*g/(-8).
4
Calculate the remainder when 128/1472 + 25060/115 is divided by 165.
53
Let x = -10264 - -10298. What is the remainder when 11080 is divided by x?
30
Let o = 5 + 6. Suppose 62*b - 30 - 46 = 58*b. What is the remainder when b is divided by o?
8
Let r = -436 + 246. Let a(t) = 64*t + 37. Let p be a(4). Let j = p + r. Calculate the remainder when j is divided by 35.
33
Let i(l) = l**3 + 8*l**2 + 5*l - 12. Let u be i(-7). Suppose -3*j + 14 = -u*j. What is the remainder when 30/(-180) - (-302)/12 is divided by j?
11
Suppose -17*l + 184*l - 85838 = 0. Calculate the remainder when l is divided by 245.
24
Suppose -610*w + 71208 = -564*w. Calculate the remainder when w is divided by 62.
60
Let m(v) = 32*v**2 - 2*v. Let i = 163 - 161. Calculate the remainder when m(i) is divided by 9.
7
Let x(k) = 61*k**3 - 1. Let c be x(1). Suppose -b + 351 = 12*b. Suppose -57*l = -c*l + b. Calculate the remainder when l is divided by 7.
2
Let q(n) = -48*n - 768. Calculate the remainder when q(-29) is divided by 300.
24
Let n = 26 + -56. What is the remainder when 199 + -1 - n/15 is divided by 26?
18
Let h = -826 - -1086. Calculate the remainder when h is divided by 39.
26
Suppose -32604 = -65*g + g - 183*g. What is the remainder when 139 is divided by g?
7
Suppose 2*a + 3*o = 43 + 76, 5*a - 309 = 4*o. Suppose 64*r = 294 + 538. Calculate the remainder when a is divided by r.
9
Let t = 569 - 507. Suppose -9 = -3*g + 5*v - 2, -5*g + 25 = 5*v. Suppose -g*b = -9*b + 80. What is the remainder when t is divided by b?
14
Suppose 0 = -8*r - 49*r + 5472. Calculate the remainder when r is divided by 11.
8
Calculate the remainder when (21 + 5626 - 31) + (-9)/1 is divided by 34.
31
Let i(d) = -4*d**3 - 10*d**2 + 6*d + 3. Let s = 39 - 19. Calculate the remainder when s is divided by i(-3).
2
Let g = -532 + 569. Suppose p = -n + 28 + g, 0 = 2*n - p - 142. Calculate the remainder when n is divided by 12.
9
Suppose -3*g - 119 = -4*l, -2*l - 3*g + 29 = -26. Let c = -21 + 34. Let v = l - c. What is the remainder when 31 is divided by v?
15
Suppose -w + 4*w = 38 + 19. What is the remainder when w is divided by 11?
8
Suppose 0 = -25*q + 8*q - 578. Let w = 93 + q. Calculate the remainder when w is divided by 20.
19
Suppose 5651 = 16*c - 3485. What is the remainder when c is divided by 30?
1
Suppose 2 = -i, -7*o = -6*o - 2*i + 431. Let d = 452 + o. Calculate the remainder when 58 is divided by d.
7
Let r(d) = 1587*d - 5677. Calculate the remainder when r(9) is divided by 151.
150
Let b(j) = -13*j**2 + 94*j 